rs of v.
5, 11
Let f be 5 - 0*2/(-2). Suppose -20 = -f*a - 0. Suppose -a*s - m = m - 44, 4*m = 5*s - 42. List the prime factors of s.
2, 5
Let y(q) = -2*q + 4*q + 3*q - 3 - q**2. Let a be (-2)/2*(-2 - 1). List the prime factors of y(a).
3
Let n = -4 - -4. Let d(x) be the second derivative of x**5/20 - x**4/12 + 9*x**2 + 2*x. What are the prime factors of d(n)?
2, 3
Let a = 7 - -1. What are the prime factors of a?
2
Let q(l) = -l + 10. Let h be q(7). Suppose -3*b - 5*n - 5 = 0, 2 - h = -b - n. Suppose -5*m + 3*m + 5*u = -38, b*u = -5*m + 25. What are the prime factors of m?
3
Suppose -2*c - 5 = w + 1, -16 = 2*w + 3*c. List the prime factors of (-326)/w - (-10)/(-35).
23
Suppose -3*l = -4*o + o + 75, o = -2*l + 28. List the prime factors of o.
2, 13
Let n(t) = t - 3. Let i be n(7). What are the prime factors of (3/i)/((-1)/(-20))?
3, 5
List the prime factors of (-3)/(-1) + 1*516/3.
5, 7
Suppose -g + 9*g = 1536. List the prime factors of g.
2, 3
Suppose 0 = 3*o - 9, 4*o + 0*o + 4 = -4*y. What are the prime factors of (-931)/(-28) + 1/y?
3, 11
Suppose 3*z = -4*o + 7*z + 484, -2*z = -4*o + 480. List the prime factors of o.
7, 17
Let n(r) = 2*r**2 + 2*r + 3. List the prime factors of n(-5).
43
Let m(s) = 20*s**2 + 3. List the prime factors of m(-3).
3, 61
Suppose 0*f + 5*f = -30. Let s = 22 - 9. Let z = s - f. List the prime factors of z.
19
Suppose -2*v + 2*y + 3 + 9 = 0, -3*v = 2*y - 8. Suppose -4*o - v = 4. What are the prime factors of 1/(o/(-4)) - -4?
2, 3
Let y(v) = 4*v**2 - 3 + 3 + v**3. Let a be y(-3). Suppose a*d = 4*d + 40. What are the prime factors of d?
2
Let t(x) = -x**3 + 5*x**2 - x + 2. Let v(z) = -4*z**2 + z - 2. Let h(i) = 2*t(i) + 3*v(i). List the prime factors of h(-2).
2
Suppose 0 = r - 14 - 31. What are the prime factors of r?
3, 5
Let p = -3 - -6. What are the prime factors of p?
3
Suppose 3*g = 2*d - 33 - 0, 3*g + 57 = 4*d. Let s = 0 + d. What are the prime factors of s?
2, 3
Let g = 13 - 9. Suppose w - 13 = -3*k, w - g*w + 31 = k. List the prime factors of w.
2, 5
Let r = -30 + 33. What are the prime factors of r?
3
Let d = -7 + 6. List the prime factors of 3 - 1/(0 - d).
2
Let u(y) = 11*y**2 + 6. List the prime factors of u(3).
3, 5, 7
Suppose 0 = 5*m - s + 2*s - 129, -3*s = 2*m - 49. List the prime factors of m.
2, 13
Let t(r) = -r**2 + 6*r - 4. Let n be t(6). Let q = 6 + n. Suppose -q*l = -3*l + 3. What are the prime factors of l?
3
List the prime factors of (-12)/42 - (-1026)/14.
73
Suppose i + 3*w - 10 = 8, 5 = w. Suppose -i = x - 17. List the prime factors of x.
2, 7
Suppose -2 - 3 = 5*v, 290 = 3*b + v. What are the prime factors of b?
97
Let z(b) = -7*b - 2. Let k be z(-5). Let u = k - 19. What are the prime factors of u?
2, 7
Suppose -4*r = r - 20. What are the prime factors of (-2)/(-4) + 114/r?
29
Suppose 3*o - 6 = o. Suppose -o*s = 2*s - 20. Suppose 3*i - 54 = -5*h - 0*h, -s*i + 5*h + 37 = 0. List the prime factors of i.
13
Suppose -5*f = -2*f + 3. List the prime factors of 1/(-1*f/22).
2, 11
Let o = -4 - 1. Let j(t) = -t**2 - 6*t - 2. Let h be j(o). Suppose -2*s - h*d + 20 = -0*s, 3*s - 5*d - 11 = 0. What are the prime factors of s?
7
Suppose 70 = -5*c + 660. What are the prime factors of c?
2, 59
Suppose h = -h - 3*s - 7, 0 = 4*s + 12. Let l = h + 6. What are the prime factors of l?
7
Suppose m + 2*m = -30. Let u = m - 1. What are the prime factors of (1 - 1)/(-3) - u?
11
Let w = -119 - -167. What are the prime factors of w?
2, 3
Suppose -2*v + 239 = 3*u - 550, 3*u = -v + 789. List the prime factors of u.
263
Suppose c - 103 = -3*p, 3*c - 4*p - 156 - 88 = 0. What are the prime factors of c?
2, 11
Let k(z) = 4*z + 11. Let o be k(-9). Let n be (-5)/o - (-68)/10. Suppose -2*s = -n*s + 15. List the prime factors of s.
3
Let k(j) = -2*j + 2. Let f be k(4). Let o = f - -19. List the prime factors of o.
13
Let q(j) = j - 1. Let y be q(3). Let n be 1*1/(-1)*-3. What are the prime factors of 44/y*n/6?
11
Let k(o) = 7*o**2 + 2*o - 1. Let h be k(1). Suppose 0*f - 4 = -f. Suppose -3*m + f*u = -2*m - 21, -h = 2*u. List the prime factors of m.
5
What are the prime factors of 5811/21 - (-2)/7?
277
Suppose 0*y + 2*y - 2 = 0, -5*l - 3*y + 3 = 0. Suppose -3*q = 4*v - 5*v + 31, l = 2*v + 5*q - 106. List the prime factors of v.
43
Suppose -3*l - 37 = -2*z, l = -2*z + 1 - 8. List the prime factors of (-2)/(-8) - l/4.
3
Let a = 1 - 1. Let c = 3 - a. Suppose -c*y = -5*q + 15, 0 = -3*q - 0*q + 5*y + 9. What are the prime factors of q?
3
What are the prime factors of 240/(-20)*(-34)/8?
3, 17
Suppose 0 = r - 0*r. Suppose p + 5*c - 23 = r, -12 = -3*c - 0. Suppose -3*y - 24 = -6*k + 3*k, p = y. List the prime factors of k.
11
List the prime factors of (-100)/(-3) - 2/(-3).
2, 17
Suppose -2*o = o - 33. List the prime factors of o.
11
Suppose 2*l - 2*g = -3*l + 78, -5*l = 5*g - 50. List the prime factors of l.
2, 7
Let i = 10 + -10. Suppose i*n + n = 6. List the prime factors of n.
2, 3
Let p(x) = -5*x + x + x - 6*x. Let k be p(-1). Let l = -1 + k. List the prime factors of l.
2
Suppose -y + 4*j + 3 = -j, -4*y + j + 12 = 0. Let x be (6/18)/(1/y). What are the prime factors of (1/x)/(2/10)?
5
Suppose -22 = -3*f - 7. Suppose -95 = -f*n + 120. What are the prime factors of n?
43
Let i(k) = 4*k + 5. Let c(w) = 5*w + 5. Let q(l) = 5*c(l) - 6*i(l). List the prime factors of q(8).
3
Let z(b) = 2*b - 9. Let o be z(6). Suppose 5*i = o + 2. Suppose -j - 4*n = -21, 2*j + 5*n - 34 = -i. List the prime factors of j.
3
Suppose -2*p = -0*q - 4*q - 12, 0 = -p + q + 4. Suppose -f + p*f = 11. What are the prime factors of f?
11
Suppose -5 = -5*v - 0. Let k(z) = -3*z + 2. Let a be k(-2). Suppose -o - v = -f, f + 3 = 4*o - a. List the prime factors of f.
5
Suppose -2*t = t. Suppose -3*c + 11 = 4*s, 0 = s - 2*c - t*c. What are the prime factors of (1 - s)*(-3 - 2)?
5
Let w = -20 + 20. Suppose 0*u + 5*u - 110 = 0. Suppose -3*o + o + u = w. List the prime factors of o.
11
Suppose -3 = -5*b + 7. Let m be b*-1*-1 + 5. Suppose c + 1 = m. List the prime factors of c.
2, 3
Suppose -6*a = -3*a + 21. Suppose z + 8 = -8. Let j = a - z. List the prime factors of j.
3
Let b be (-6)/(-1) + (0 - 2). Let o be (-126)/(-35) + b/10. Let z = 7 - o. What are the prime factors of z?
3
Let w = 3 - 8. Let p(u) = u - 4. Let t(b) = 5. Let n(z) = w*t(z) - 6*p(z). List the prime factors of n(-2).
11
Let z(g) = -g**3 + 8*g**2 + 3*g - 4. Let n be z(8). Suppose b = 2 + n. List the prime factors of b.
2, 11
Suppose -16 = 5*m - 4*m + 5*k, -2*m - 4*k = 20. Let y be (-1 - -7) + (0 - (-2 - 1)). Let l = m + y. What are the prime factors of l?
3
Let m = 34 + 5. Suppose -117 - m = -4*f. List the prime factors of f.
3, 13
Let n(p) = p**2 - 2*p + 138. List the prime factors of n(0).
2, 3, 23
Suppose -4*i - 5*q + 2*q + 25 = 0, i + 5 = 3*q. Suppose i = b - 2. List the prime factors of b.
2, 3
Let f(h) = -76*h**3 + 2*h**2 + h - 1. List the prime factors of f(-1).
2, 19
Suppose -5*a - 3 = 2*y - 10*a, 2*y - a - 1 = 0. Suppose -39 - y = -5*k. List the prime factors of k.
2
Let w(d) = d**3 + 2*d**2 - 4*d + 3. Let y be w(2). Let r = y - -2. List the prime factors of r.
13
Suppose 15 = 5*v - 55. Let s = 25 - v. What are the prime factors of s?
11
Let n = 197 + -144. List the prime factors of n.
53
Suppose 6 = r + 2. Suppose 4*c + v = 17, -v - v + 14 = r*c. List the prime factors of c.
5
Suppose -3*g + 4*z = z + 69, 3*z = 5*g + 105. Let h = 32 + g. List the prime factors of h.
2, 7
Suppose -124 = -4*l - 28. Suppose 0*b - 63 = -4*b + a, 0 = -2*b + 2*a + l. List the prime factors of b.
17
Suppose 7*f - 4*f - 2*g - 56 = 0, -5*f = 3*g - 68. Suppose -3*m = -3, 0*m = -4*u + 4*m + f. Suppose 12 = u*a - k, 2*a = 3*a + k. List the prime factors of a.
2
Suppose 3*i + 4*x = 2*i + 21, i - 4*x + 11 = 0. Let d = 12 - i. What are the prime factors of d?
7
Let t(o) = -o + 4. Let i be t(5). What are the prime factors of 2*i - (-20)/1?
2, 3
Suppose -13 - 11 = -3*y. Let r = -5 + y. What are the prime factors of (18/(-4))/(r/(-8))?
2, 3
Let v(r) be the third derivative of r**6/8 - r**5/60 + r**3/6 + r**2. What are the prime factors of v(1)?
3, 5
What are the prime factors of (-420)/(-11) + (-30)/165?
2, 19
Suppose -2*y + 401 = -3*q, 5*q - q = -4*y + 812. What are the prime factors of y?
2, 101
Let n be 4/10 + (-2)/5. Suppose 